{"id":6020,"date":"2024-09-19T15:28:35","date_gmt":"2024-09-19T18:28:35","guid":{"rendered":"https:\/\/clinicaraizes.com.br\/loja\/?post_type=product&#038;p=6020"},"modified":"2026-04-23T18:35:38","modified_gmt":"2026-04-23T21:35:38","slug":"massagem-com-velas-80-minutos","status":"publish","type":"product","link":"https:\/\/clinicaraizes.com.br\/loja\/shop\/massagem\/massagem-com-velas-massagem\/massagem-com-velas-80-minutos\/","title":{"rendered":"Massagem com Velas &#8211; 80 minutos"},"content":{"rendered":"<p><strong>Massagem com Velas<\/strong><\/p>\n<p><strong>Dura\u00e7\u00e3o:<\/strong> 80 minutos<\/p>\n<p>A Massagem com Velas \u00e9 uma t\u00e9cnica extremamente relaxante, perfeita para quem busca uma experi\u00eancia sensorial \u00fanica. Durante essa massagem, utilizam-se velas especiais feitas com \u00f3leos essenciais e manteigas naturais, que ao derreterem se transformam num \u00f3leo morno e suave, ideal para ser aplicado sobre a pele.<\/p>\n<p>Os benef\u00edcios desta massagem s\u00e3o muitos.<br \/>\nO calor do \u00f3leo das velas promove uma sensa\u00e7\u00e3o profunda de relaxamento, ajudando a aliviar o estresse muscular e o estresse do dia a dia. Al\u00e9m disso, os \u00f3leos essenciais presentes nas velas nutrem e hidratam a pele, deixando-a macia e revitalizada. A combina\u00e7\u00e3o entre o toque suave da massagem e o aroma envolvente das velas cria uma atmosfera perfeita para o bem-estar f\u00edsico e mental.<\/p>\n<p>Se procura um momento para desligar a correria e cuidar de si, uma massagem com velas \u00e9 a escolha ideal. Permita-se desfrutar desta experi\u00eancia que harmoniza corpo e mente, e renovar sua energia de forma completa<\/p>\n<p>Nossa Massagem com Velas \u00e9 realizada em <a href=\"https:\/\/clinicaraizes.com.br\/spa\/bem-estar\/\">bangal\u00f4s externos<\/a>, climatizados e com m\u00fasica ambiente para seu completo relaxamento.<\/p>\n","protected":false},"excerpt":{"rendered":"<p><strong>Dura\u00e7\u00e3o:<\/strong> 80 minutos<\/p>\n<p>A Massagem com Velas \u00e9 uma t\u00e9cnica extremamente relaxante, perfeita para quem busca uma experi\u00eancia sensorial \u00fanica. Durante essa massagem, utilizam-se velas especiais feitas com \u00f3leos essenciais e manteigas naturais, que ao derreterem se transformam num \u00f3leo morno e suave, ideal para ser aplicado sobre a pele.<\/p>\n<a href=\"https:\/\/clinicaraizes.com.br\/loja\/produto\/massagem-com-velas-80-minutos\/\" class=\"button primary is-primary is-medium\"  >\n    <span>DAR DE PRESENTE<\/span>\n  <\/a>\n\n","protected":false},"featured_media":2458,"comment_status":"open","ping_status":"closed","template":"","meta":{"bwfblock_default_font":""},"product_brand":[],"product_cat":[94,296],"product_tag":[192,178,173,294,167,179],"class_list":{"0":"post-6020","1":"product","2":"type-product","3":"status-publish","4":"has-post-thumbnail","6":"product_cat-massagem","7":"product_cat-massagem-com-velas-massagem","8":"product_tag-bangalo-tatuape","9":"product_tag-day-spa","10":"product_tag-day-spa-tatuape","11":"product_tag-massagem-com-velas","12":"product_tag-massagem-relaxante","13":"product_tag-massagem-tatuape","15":"first","16":"instock","17":"virtual","18":"purchasable","19":"product-type-simple"},"yoast_head":"<!-- This site is optimized with the Yoast SEO plugin v27.4 - https:\/\/yoast.com\/product\/yoast-seo-wordpress\/ -->\n<title>Massagem com Velas - 80 minutos Bangal\u00f4s Tatuap\u00e9 - Cl\u00ednica Ra\u00edzes<\/title>\n<meta name=\"description\" content=\"A Massagem com Velas \u00e9 uma t\u00e9cnica extremamente relaxante, perfeita para quem busca uma experi\u00eancia sensorial \u00fanica. Permita-se desfrutar desta experi\u00eancia.\" \/>\n<meta name=\"robots\" content=\"index, follow, max-snippet:-1, max-image-preview:large, max-video-preview:-1\" \/>\n<link rel=\"canonical\" href=\"https:\/\/clinicaraizes.com.br\/loja\/shop\/massagem\/massagem-com-velas-massagem\/massagem-com-velas-80-minutos\/\" \/>\n<meta property=\"og:locale\" content=\"pt_BR\" \/>\n<meta property=\"og:type\" content=\"article\" \/>\n<meta property=\"og:title\" content=\"Massagem com Velas - 80 minutos Bangal\u00f4s Tatuap\u00e9 - Cl\u00ednica Ra\u00edzes\" \/>\n<meta property=\"og:description\" content=\"A Massagem com Velas \u00e9 uma t\u00e9cnica extremamente relaxante, perfeita para quem busca uma experi\u00eancia sensorial \u00fanica. Permita-se desfrutar desta experi\u00eancia.\" \/>\n<meta property=\"og:url\" content=\"https:\/\/clinicaraizes.com.br\/loja\/shop\/massagem\/massagem-com-velas-massagem\/massagem-com-velas-80-minutos\/\" \/>\n<meta property=\"og:site_name\" content=\"Cl\u00ednica Ra\u00edzes\" \/>\n<meta property=\"article:publisher\" content=\"https:\/\/www.facebook.com\/clinicaraizes\" \/>\n<meta property=\"article:modified_time\" content=\"2026-04-23T21:35:38+00:00\" \/>\n<meta property=\"og:image\" content=\"https:\/\/clinicaraizes.com.br\/loja\/wp-content\/uploads\/2021\/10\/usada.-IMG_2534.jpg\" \/>\n\t<meta property=\"og:image:width\" content=\"1\" \/>\n\t<meta property=\"og:image:height\" content=\"1\" \/>\n\t<meta property=\"og:image:type\" content=\"image\/jpeg\" \/>\n<meta name=\"twitter:card\" content=\"summary_large_image\" \/>\n<meta name=\"twitter:label1\" content=\"Est. tempo de leitura\" \/>\n\t<meta name=\"twitter:data1\" content=\"2 minutos\" \/>\n<script type=\"application\/ld+json\" class=\"yoast-schema-graph\">{\"@context\":\"https:\\\/\\\/schema.org\",\"@graph\":[{\"@type\":\"WebPage\",\"@id\":\"https:\\\/\\\/clinicaraizes.com.br\\\/loja\\\/shop\\\/massagem\\\/massagem-com-velas-massagem\\\/massagem-com-velas-80-minutos\\\/\",\"url\":\"https:\\\/\\\/clinicaraizes.com.br\\\/loja\\\/shop\\\/massagem\\\/massagem-com-velas-massagem\\\/massagem-com-velas-80-minutos\\\/\",\"name\":\"Massagem com Velas - 80 minutos Bangal\u00f4s Tatuap\u00e9 - Cl\u00ednica Ra\u00edzes\",\"isPartOf\":{\"@id\":\"https:\\\/\\\/clinicaraizes.com.br\\\/loja\\\/#website\"},\"primaryImageOfPage\":{\"@id\":\"https:\\\/\\\/clinicaraizes.com.br\\\/loja\\\/shop\\\/massagem\\\/massagem-com-velas-massagem\\\/massagem-com-velas-80-minutos\\\/#primaryimage\"},\"image\":{\"@id\":\"https:\\\/\\\/clinicaraizes.com.br\\\/loja\\\/shop\\\/massagem\\\/massagem-com-velas-massagem\\\/massagem-com-velas-80-minutos\\\/#primaryimage\"},\"thumbnailUrl\":\"https:\\\/\\\/clinicaraizes.com.br\\\/loja\\\/wp-content\\\/uploads\\\/2021\\\/10\\\/usada.-IMG_2534.jpg\",\"datePublished\":\"2024-09-19T18:28:35+00:00\",\"dateModified\":\"2026-04-23T21:35:38+00:00\",\"description\":\"A Massagem com Velas \u00e9 uma t\u00e9cnica extremamente relaxante, perfeita para quem busca uma experi\u00eancia sensorial \u00fanica. Permita-se desfrutar desta experi\u00eancia.\",\"breadcrumb\":{\"@id\":\"https:\\\/\\\/clinicaraizes.com.br\\\/loja\\\/shop\\\/massagem\\\/massagem-com-velas-massagem\\\/massagem-com-velas-80-minutos\\\/#breadcrumb\"},\"inLanguage\":\"pt-BR\",\"potentialAction\":[{\"@type\":\"ReadAction\",\"target\":[\"https:\\\/\\\/clinicaraizes.com.br\\\/loja\\\/shop\\\/massagem\\\/massagem-com-velas-massagem\\\/massagem-com-velas-80-minutos\\\/\"]}]},{\"@type\":\"ImageObject\",\"inLanguage\":\"pt-BR\",\"@id\":\"https:\\\/\\\/clinicaraizes.com.br\\\/loja\\\/shop\\\/massagem\\\/massagem-com-velas-massagem\\\/massagem-com-velas-80-minutos\\\/#primaryimage\",\"url\":\"https:\\\/\\\/clinicaraizes.com.br\\\/loja\\\/wp-content\\\/uploads\\\/2021\\\/10\\\/usada.-IMG_2534.jpg\",\"contentUrl\":\"https:\\\/\\\/clinicaraizes.com.br\\\/loja\\\/wp-content\\\/uploads\\\/2021\\\/10\\\/usada.-IMG_2534.jpg\",\"caption\":\"Massagem com Velas Cl\u00ednica Ra\u00edzes\"},{\"@type\":\"BreadcrumbList\",\"@id\":\"https:\\\/\\\/clinicaraizes.com.br\\\/loja\\\/shop\\\/massagem\\\/massagem-com-velas-massagem\\\/massagem-com-velas-80-minutos\\\/#breadcrumb\",\"itemListElement\":[{\"@type\":\"ListItem\",\"position\":1,\"name\":\"In\u00edcio\",\"item\":\"https:\\\/\\\/clinicaraizes.com.br\\\/loja\\\/\"},{\"@type\":\"ListItem\",\"position\":2,\"name\":\"Shop\",\"item\":\"https:\\\/\\\/clinicaraizes.com.br\\\/loja\\\/shop\\\/\"},{\"@type\":\"ListItem\",\"position\":3,\"name\":\"Massagem com Velas &#8211; 80 minutos\"}]},{\"@type\":\"WebSite\",\"@id\":\"https:\\\/\\\/clinicaraizes.com.br\\\/loja\\\/#website\",\"url\":\"https:\\\/\\\/clinicaraizes.com.br\\\/loja\\\/\",\"name\":\"Cl\u00ednica Ra\u00edzes\",\"description\":\"Dicas &amp; Tutoriais de Beleza e Bem Estar\",\"publisher\":{\"@id\":\"https:\\\/\\\/clinicaraizes.com.br\\\/loja\\\/#organization\"},\"potentialAction\":[{\"@type\":\"SearchAction\",\"target\":{\"@type\":\"EntryPoint\",\"urlTemplate\":\"https:\\\/\\\/clinicaraizes.com.br\\\/loja\\\/?s={search_term_string}\"},\"query-input\":{\"@type\":\"PropertyValueSpecification\",\"valueRequired\":true,\"valueName\":\"search_term_string\"}}],\"inLanguage\":\"pt-BR\"},{\"@type\":\"Organization\",\"@id\":\"https:\\\/\\\/clinicaraizes.com.br\\\/loja\\\/#organization\",\"name\":\"Cl\u00ednica Ra\u00edzes\",\"url\":\"https:\\\/\\\/clinicaraizes.com.br\\\/loja\\\/\",\"logo\":{\"@type\":\"ImageObject\",\"inLanguage\":\"pt-BR\",\"@id\":\"https:\\\/\\\/clinicaraizes.com.br\\\/loja\\\/#\\\/schema\\\/logo\\\/image\\\/\",\"url\":\"https:\\\/\\\/clinicaraizes.com.br\\\/loja\\\/wp-content\\\/uploads\\\/2019\\\/03\\\/logo-raizes.png\",\"contentUrl\":\"https:\\\/\\\/clinicaraizes.com.br\\\/loja\\\/wp-content\\\/uploads\\\/2019\\\/03\\\/logo-raizes.png\",\"width\":480,\"height\":180,\"caption\":\"Cl\u00ednica Ra\u00edzes\"},\"image\":{\"@id\":\"https:\\\/\\\/clinicaraizes.com.br\\\/loja\\\/#\\\/schema\\\/logo\\\/image\\\/\"},\"sameAs\":[\"https:\\\/\\\/www.facebook.com\\\/clinicaraizes\",\"https:\\\/\\\/www.instagram.com\\\/clinicaraizes\"]}]}<\/script>\n<!-- \/ Yoast SEO plugin. -->","yoast_head_json":{"title":"Massagem com Velas - 80 minutos Bangal\u00f4s Tatuap\u00e9 - Cl\u00ednica Ra\u00edzes","description":"A Massagem com Velas \u00e9 uma t\u00e9cnica extremamente relaxante, perfeita para quem busca uma experi\u00eancia sensorial \u00fanica. Permita-se desfrutar desta experi\u00eancia.","robots":{"index":"index","follow":"follow","max-snippet":"max-snippet:-1","max-image-preview":"max-image-preview:large","max-video-preview":"max-video-preview:-1"},"canonical":"https:\/\/clinicaraizes.com.br\/loja\/shop\/massagem\/massagem-com-velas-massagem\/massagem-com-velas-80-minutos\/","og_locale":"pt_BR","og_type":"article","og_title":"Massagem com Velas - 80 minutos Bangal\u00f4s Tatuap\u00e9 - Cl\u00ednica Ra\u00edzes","og_description":"A Massagem com Velas \u00e9 uma t\u00e9cnica extremamente relaxante, perfeita para quem busca uma experi\u00eancia sensorial \u00fanica. Permita-se desfrutar desta experi\u00eancia.","og_url":"https:\/\/clinicaraizes.com.br\/loja\/shop\/massagem\/massagem-com-velas-massagem\/massagem-com-velas-80-minutos\/","og_site_name":"Cl\u00ednica Ra\u00edzes","article_publisher":"https:\/\/www.facebook.com\/clinicaraizes","article_modified_time":"2026-04-23T21:35:38+00:00","og_image":[{"url":"https:\/\/clinicaraizes.com.br\/loja\/wp-content\/uploads\/2021\/10\/usada.-IMG_2534.jpg","width":1,"height":1,"type":"image\/jpeg"}],"twitter_card":"summary_large_image","twitter_misc":{"Est. tempo de leitura":"2 minutos"},"schema":{"@context":"https:\/\/schema.org","@graph":[{"@type":"WebPage","@id":"https:\/\/clinicaraizes.com.br\/loja\/shop\/massagem\/massagem-com-velas-massagem\/massagem-com-velas-80-minutos\/","url":"https:\/\/clinicaraizes.com.br\/loja\/shop\/massagem\/massagem-com-velas-massagem\/massagem-com-velas-80-minutos\/","name":"Massagem com Velas - 80 minutos Bangal\u00f4s Tatuap\u00e9 - Cl\u00ednica Ra\u00edzes","isPartOf":{"@id":"https:\/\/clinicaraizes.com.br\/loja\/#website"},"primaryImageOfPage":{"@id":"https:\/\/clinicaraizes.com.br\/loja\/shop\/massagem\/massagem-com-velas-massagem\/massagem-com-velas-80-minutos\/#primaryimage"},"image":{"@id":"https:\/\/clinicaraizes.com.br\/loja\/shop\/massagem\/massagem-com-velas-massagem\/massagem-com-velas-80-minutos\/#primaryimage"},"thumbnailUrl":"https:\/\/clinicaraizes.com.br\/loja\/wp-content\/uploads\/2021\/10\/usada.-IMG_2534.jpg","datePublished":"2024-09-19T18:28:35+00:00","dateModified":"2026-04-23T21:35:38+00:00","description":"A Massagem com Velas \u00e9 uma t\u00e9cnica extremamente relaxante, perfeita para quem busca uma experi\u00eancia sensorial \u00fanica. Permita-se desfrutar desta experi\u00eancia.","breadcrumb":{"@id":"https:\/\/clinicaraizes.com.br\/loja\/shop\/massagem\/massagem-com-velas-massagem\/massagem-com-velas-80-minutos\/#breadcrumb"},"inLanguage":"pt-BR","potentialAction":[{"@type":"ReadAction","target":["https:\/\/clinicaraizes.com.br\/loja\/shop\/massagem\/massagem-com-velas-massagem\/massagem-com-velas-80-minutos\/"]}]},{"@type":"ImageObject","inLanguage":"pt-BR","@id":"https:\/\/clinicaraizes.com.br\/loja\/shop\/massagem\/massagem-com-velas-massagem\/massagem-com-velas-80-minutos\/#primaryimage","url":"https:\/\/clinicaraizes.com.br\/loja\/wp-content\/uploads\/2021\/10\/usada.-IMG_2534.jpg","contentUrl":"https:\/\/clinicaraizes.com.br\/loja\/wp-content\/uploads\/2021\/10\/usada.-IMG_2534.jpg","caption":"Massagem com Velas Cl\u00ednica Ra\u00edzes"},{"@type":"BreadcrumbList","@id":"https:\/\/clinicaraizes.com.br\/loja\/shop\/massagem\/massagem-com-velas-massagem\/massagem-com-velas-80-minutos\/#breadcrumb","itemListElement":[{"@type":"ListItem","position":1,"name":"In\u00edcio","item":"https:\/\/clinicaraizes.com.br\/loja\/"},{"@type":"ListItem","position":2,"name":"Shop","item":"https:\/\/clinicaraizes.com.br\/loja\/shop\/"},{"@type":"ListItem","position":3,"name":"Massagem com Velas &#8211; 80 minutos"}]},{"@type":"WebSite","@id":"https:\/\/clinicaraizes.com.br\/loja\/#website","url":"https:\/\/clinicaraizes.com.br\/loja\/","name":"Cl\u00ednica Ra\u00edzes","description":"Dicas &amp; Tutoriais de Beleza e Bem Estar","publisher":{"@id":"https:\/\/clinicaraizes.com.br\/loja\/#organization"},"potentialAction":[{"@type":"SearchAction","target":{"@type":"EntryPoint","urlTemplate":"https:\/\/clinicaraizes.com.br\/loja\/?s={search_term_string}"},"query-input":{"@type":"PropertyValueSpecification","valueRequired":true,"valueName":"search_term_string"}}],"inLanguage":"pt-BR"},{"@type":"Organization","@id":"https:\/\/clinicaraizes.com.br\/loja\/#organization","name":"Cl\u00ednica Ra\u00edzes","url":"https:\/\/clinicaraizes.com.br\/loja\/","logo":{"@type":"ImageObject","inLanguage":"pt-BR","@id":"https:\/\/clinicaraizes.com.br\/loja\/#\/schema\/logo\/image\/","url":"https:\/\/clinicaraizes.com.br\/loja\/wp-content\/uploads\/2019\/03\/logo-raizes.png","contentUrl":"https:\/\/clinicaraizes.com.br\/loja\/wp-content\/uploads\/2019\/03\/logo-raizes.png","width":480,"height":180,"caption":"Cl\u00ednica Ra\u00edzes"},"image":{"@id":"https:\/\/clinicaraizes.com.br\/loja\/#\/schema\/logo\/image\/"},"sameAs":["https:\/\/www.facebook.com\/clinicaraizes","https:\/\/www.instagram.com\/clinicaraizes"]}]}},"jetpack_sharing_enabled":true,"_links":{"self":[{"href":"https:\/\/clinicaraizes.com.br\/loja\/wp-json\/wp\/v2\/product\/6020","targetHints":{"allow":["GET"]}}],"collection":[{"href":"https:\/\/clinicaraizes.com.br\/loja\/wp-json\/wp\/v2\/product"}],"about":[{"href":"https:\/\/clinicaraizes.com.br\/loja\/wp-json\/wp\/v2\/types\/product"}],"replies":[{"embeddable":true,"href":"https:\/\/clinicaraizes.com.br\/loja\/wp-json\/wp\/v2\/comments?post=6020"}],"wp:featuredmedia":[{"embeddable":true,"href":"https:\/\/clinicaraizes.com.br\/loja\/wp-json\/wp\/v2\/media\/2458"}],"wp:attachment":[{"href":"https:\/\/clinicaraizes.com.br\/loja\/wp-json\/wp\/v2\/media?parent=6020"}],"wp:term":[{"taxonomy":"product_brand","embeddable":true,"href":"https:\/\/clinicaraizes.com.br\/loja\/wp-json\/wp\/v2\/product_brand?post=6020"},{"taxonomy":"product_cat","embeddable":true,"href":"https:\/\/clinicaraizes.com.br\/loja\/wp-json\/wp\/v2\/product_cat?post=6020"},{"taxonomy":"product_tag","embeddable":true,"href":"https:\/\/clinicaraizes.com.br\/loja\/wp-json\/wp\/v2\/product_tag?post=6020"}],"curies":[{"name":"wp","href":"https:\/\/api.w.org\/{rel}","templated":true}]}}