{"id":1284,"date":"2021-10-04T16:35:46","date_gmt":"2021-10-04T19:35:46","guid":{"rendered":"https:\/\/clinicaraizes.com.br\/loja\/?post_type=product&#038;p=1284"},"modified":"2026-04-23T19:02:42","modified_gmt":"2026-04-23T22:02:42","slug":"massagem-desportiva-vale-presente","status":"publish","type":"product","link":"https:\/\/clinicaraizes.com.br\/loja\/shop\/massagem\/desportiva\/massagem-desportiva-vale-presente\/","title":{"rendered":"Massagem Desportiva"},"content":{"rendered":"<p>Massagem Desportiva<\/p>\n<p><strong>Dura\u00e7\u00e3o:<\/strong> 50 minutos<\/p>\n<p>Uma <a href=\"https:\/\/clinicaraizes.com.br\/spa\/tipos-de-massagem\/massagem-relaxantes\/massagem-relaxante\/\">boa massagem<\/a> \u00e9 sempre bem-vinda quando precisamos relaxar. E quando \u00e9 feita<a href=\"https:\/\/clinicaraizes.com.br\/spa\/tipos-de-massagem\/massagem-estetica\/massagem-desportiva\/\"> depois de um treino<\/a> ou prova, a sensa\u00e7\u00e3o de al\u00edvio pode ser maior ainda.<\/p>\n<p>A atua\u00e7\u00e3o da Massagem Desportiva ocorre ao ajudar a liberar as toxinas acumuladas ap\u00f3s o exerc\u00edcio f\u00edsico porque a massagem aumenta o fluxo sangu\u00edneo resultando em uma recupera\u00e7\u00e3o mais eficaz depois de seu treino, a libera\u00e7\u00e3o dessas toxinas \u00e9 importante porque se houver com uma concentra\u00e7\u00e3o grande de \u00e1cido l\u00e1tico o corpo sentir\u00e1 dores e fadiga.<\/p>\n<p>A Massagem Desportiva tem movimentos mais fortes e r\u00e1pidos proporcionando melhores resultados para quem quer potencializar seu desempenho durante os treinos. Al\u00e9m dos n\u00f3dulos de tens\u00e3o que tamb\u00e9m podem ser eliminados atrav\u00e9s desta massagem.<\/p>\n<p>O objetivo principal da massagem \u00e9 melhorar a vasculariza\u00e7\u00e3o do tecido muscular, liberar as endorfinas e ativar a teoria das comportas que diminui a dor muscular por bloquear os est\u00edmulos que geram dor.<\/p>\n<h4>Agendamento: (11) 2294-7070<\/h4>\n","protected":false},"excerpt":{"rendered":"<p>Diferente de uma massagem para relaxamento, a Massagem Desportiva \u00e9 uma \u00f3tima ferramenta para preparar e recuperar a musculatura de quem pratica exerc\u00edcio f\u00edsico.<\/p>\n","protected":false},"featured_media":933,"comment_status":"open","ping_status":"closed","template":"","meta":{"bwfblock_default_font":""},"product_brand":[],"product_cat":[95,292],"product_tag":[176,178,175,167,179,177,217],"class_list":{"0":"post-1284","1":"product","2":"type-product","3":"status-publish","4":"has-post-thumbnail","6":"product_cat-desportiva","7":"product_cat-vale-presente","8":"product_tag-atleta","9":"product_tag-day-spa","10":"product_tag-massagem-desportiva","11":"product_tag-massagem-relaxante","12":"product_tag-massagem-tatuape","13":"product_tag-musculatura","14":"product_tag-presente-de-casamento","16":"first","17":"instock","18":"virtual","19":"purchasable","20":"product-type-simple"},"yoast_head":"<!-- This site is optimized with the Yoast SEO plugin v27.4 - https:\/\/yoast.com\/product\/yoast-seo-wordpress\/ -->\n<title>Massagem Desportiva | Cl\u00ednica Ra\u00edzes Est\u00e9tica e Spa<\/title>\n<meta name=\"description\" content=\"A Massagem Desportiva \u00e9 uma \u00f3tima op\u00e7\u00e3o para preparar e recuperar a musculatura de quem pratica exerc\u00edcio f\u00edsico. Agende (11) 2294-7070\" \/>\n<meta name=\"robots\" content=\"index, follow, max-snippet:-1, max-image-preview:large, max-video-preview:-1\" \/>\n<link rel=\"canonical\" href=\"https:\/\/clinicaraizes.com.br\/loja\/shop\/massagem\/desportiva\/massagem-desportiva-vale-presente\/\" \/>\n<meta property=\"og:locale\" content=\"pt_BR\" \/>\n<meta property=\"og:type\" content=\"article\" \/>\n<meta property=\"og:title\" content=\"Massagem Desportiva | Cl\u00ednica Ra\u00edzes Est\u00e9tica e Spa\" \/>\n<meta property=\"og:description\" content=\"A Massagem Desportiva \u00e9 uma \u00f3tima op\u00e7\u00e3o para preparar e recuperar a musculatura de quem pratica exerc\u00edcio f\u00edsico. Agende (11) 2294-7070\" \/>\n<meta property=\"og:url\" content=\"https:\/\/clinicaraizes.com.br\/loja\/shop\/massagem\/desportiva\/massagem-desportiva-vale-presente\/\" \/>\n<meta property=\"og:site_name\" content=\"Cl\u00ednica Ra\u00edzes\" \/>\n<meta property=\"article:publisher\" content=\"https:\/\/www.facebook.com\/clinicaraizes\" \/>\n<meta property=\"article:modified_time\" content=\"2026-04-23T22:02:42+00:00\" \/>\n<meta property=\"og:image\" content=\"https:\/\/clinicaraizes.com.br\/loja\/wp-content\/uploads\/2020\/08\/Massagem-Desportiva-Masculina.jpg\" \/>\n\t<meta property=\"og:image:width\" content=\"400\" \/>\n\t<meta property=\"og:image:height\" content=\"400\" \/>\n\t<meta property=\"og:image:type\" content=\"image\/jpeg\" \/>\n<meta name=\"twitter:card\" content=\"summary_large_image\" \/>\n<meta name=\"twitter:label1\" content=\"Est. tempo de leitura\" \/>\n\t<meta name=\"twitter:data1\" content=\"2 minutos\" \/>\n<script type=\"application\/ld+json\" class=\"yoast-schema-graph\">{\"@context\":\"https:\\\/\\\/schema.org\",\"@graph\":[{\"@type\":\"WebPage\",\"@id\":\"https:\\\/\\\/clinicaraizes.com.br\\\/loja\\\/shop\\\/massagem\\\/desportiva\\\/massagem-desportiva-vale-presente\\\/\",\"url\":\"https:\\\/\\\/clinicaraizes.com.br\\\/loja\\\/shop\\\/massagem\\\/desportiva\\\/massagem-desportiva-vale-presente\\\/\",\"name\":\"Massagem Desportiva | Cl\u00ednica Ra\u00edzes Est\u00e9tica e Spa\",\"isPartOf\":{\"@id\":\"https:\\\/\\\/clinicaraizes.com.br\\\/loja\\\/#website\"},\"primaryImageOfPage\":{\"@id\":\"https:\\\/\\\/clinicaraizes.com.br\\\/loja\\\/shop\\\/massagem\\\/desportiva\\\/massagem-desportiva-vale-presente\\\/#primaryimage\"},\"image\":{\"@id\":\"https:\\\/\\\/clinicaraizes.com.br\\\/loja\\\/shop\\\/massagem\\\/desportiva\\\/massagem-desportiva-vale-presente\\\/#primaryimage\"},\"thumbnailUrl\":\"https:\\\/\\\/clinicaraizes.com.br\\\/loja\\\/wp-content\\\/uploads\\\/2020\\\/08\\\/Massagem-Desportiva-Masculina.jpg\",\"datePublished\":\"2021-10-04T19:35:46+00:00\",\"dateModified\":\"2026-04-23T22:02:42+00:00\",\"description\":\"A Massagem Desportiva \u00e9 uma \u00f3tima op\u00e7\u00e3o para preparar e recuperar a musculatura de quem pratica exerc\u00edcio f\u00edsico. Agende (11) 2294-7070\",\"breadcrumb\":{\"@id\":\"https:\\\/\\\/clinicaraizes.com.br\\\/loja\\\/shop\\\/massagem\\\/desportiva\\\/massagem-desportiva-vale-presente\\\/#breadcrumb\"},\"inLanguage\":\"pt-BR\",\"potentialAction\":[{\"@type\":\"ReadAction\",\"target\":[\"https:\\\/\\\/clinicaraizes.com.br\\\/loja\\\/shop\\\/massagem\\\/desportiva\\\/massagem-desportiva-vale-presente\\\/\"]}]},{\"@type\":\"ImageObject\",\"inLanguage\":\"pt-BR\",\"@id\":\"https:\\\/\\\/clinicaraizes.com.br\\\/loja\\\/shop\\\/massagem\\\/desportiva\\\/massagem-desportiva-vale-presente\\\/#primaryimage\",\"url\":\"https:\\\/\\\/clinicaraizes.com.br\\\/loja\\\/wp-content\\\/uploads\\\/2020\\\/08\\\/Massagem-Desportiva-Masculina.jpg\",\"contentUrl\":\"https:\\\/\\\/clinicaraizes.com.br\\\/loja\\\/wp-content\\\/uploads\\\/2020\\\/08\\\/Massagem-Desportiva-Masculina.jpg\",\"width\":400,\"height\":400,\"caption\":\"Massagem Desportiva Masculina\"},{\"@type\":\"BreadcrumbList\",\"@id\":\"https:\\\/\\\/clinicaraizes.com.br\\\/loja\\\/shop\\\/massagem\\\/desportiva\\\/massagem-desportiva-vale-presente\\\/#breadcrumb\",\"itemListElement\":[{\"@type\":\"ListItem\",\"position\":1,\"name\":\"In\u00edcio\",\"item\":\"https:\\\/\\\/clinicaraizes.com.br\\\/loja\\\/\"},{\"@type\":\"ListItem\",\"position\":2,\"name\":\"Shop\",\"item\":\"https:\\\/\\\/clinicaraizes.com.br\\\/loja\\\/shop\\\/\"},{\"@type\":\"ListItem\",\"position\":3,\"name\":\"Massagem Desportiva\"}]},{\"@type\":\"WebSite\",\"@id\":\"https:\\\/\\\/clinicaraizes.com.br\\\/loja\\\/#website\",\"url\":\"https:\\\/\\\/clinicaraizes.com.br\\\/loja\\\/\",\"name\":\"Cl\u00ednica Ra\u00edzes\",\"description\":\"Dicas &amp; Tutoriais de Beleza e Bem Estar\",\"publisher\":{\"@id\":\"https:\\\/\\\/clinicaraizes.com.br\\\/loja\\\/#organization\"},\"potentialAction\":[{\"@type\":\"SearchAction\",\"target\":{\"@type\":\"EntryPoint\",\"urlTemplate\":\"https:\\\/\\\/clinicaraizes.com.br\\\/loja\\\/?s={search_term_string}\"},\"query-input\":{\"@type\":\"PropertyValueSpecification\",\"valueRequired\":true,\"valueName\":\"search_term_string\"}}],\"inLanguage\":\"pt-BR\"},{\"@type\":\"Organization\",\"@id\":\"https:\\\/\\\/clinicaraizes.com.br\\\/loja\\\/#organization\",\"name\":\"Cl\u00ednica Ra\u00edzes\",\"url\":\"https:\\\/\\\/clinicaraizes.com.br\\\/loja\\\/\",\"logo\":{\"@type\":\"ImageObject\",\"inLanguage\":\"pt-BR\",\"@id\":\"https:\\\/\\\/clinicaraizes.com.br\\\/loja\\\/#\\\/schema\\\/logo\\\/image\\\/\",\"url\":\"https:\\\/\\\/clinicaraizes.com.br\\\/loja\\\/wp-content\\\/uploads\\\/2019\\\/03\\\/logo-raizes.png\",\"contentUrl\":\"https:\\\/\\\/clinicaraizes.com.br\\\/loja\\\/wp-content\\\/uploads\\\/2019\\\/03\\\/logo-raizes.png\",\"width\":480,\"height\":180,\"caption\":\"Cl\u00ednica Ra\u00edzes\"},\"image\":{\"@id\":\"https:\\\/\\\/clinicaraizes.com.br\\\/loja\\\/#\\\/schema\\\/logo\\\/image\\\/\"},\"sameAs\":[\"https:\\\/\\\/www.facebook.com\\\/clinicaraizes\",\"https:\\\/\\\/www.instagram.com\\\/clinicaraizes\"]}]}<\/script>\n<!-- \/ Yoast SEO plugin. -->","yoast_head_json":{"title":"Massagem Desportiva | Cl\u00ednica Ra\u00edzes Est\u00e9tica e Spa","description":"A Massagem Desportiva \u00e9 uma \u00f3tima op\u00e7\u00e3o para preparar e recuperar a musculatura de quem pratica exerc\u00edcio f\u00edsico. Agende (11) 2294-7070","robots":{"index":"index","follow":"follow","max-snippet":"max-snippet:-1","max-image-preview":"max-image-preview:large","max-video-preview":"max-video-preview:-1"},"canonical":"https:\/\/clinicaraizes.com.br\/loja\/shop\/massagem\/desportiva\/massagem-desportiva-vale-presente\/","og_locale":"pt_BR","og_type":"article","og_title":"Massagem Desportiva | Cl\u00ednica Ra\u00edzes Est\u00e9tica e Spa","og_description":"A Massagem Desportiva \u00e9 uma \u00f3tima op\u00e7\u00e3o para preparar e recuperar a musculatura de quem pratica exerc\u00edcio f\u00edsico. Agende (11) 2294-7070","og_url":"https:\/\/clinicaraizes.com.br\/loja\/shop\/massagem\/desportiva\/massagem-desportiva-vale-presente\/","og_site_name":"Cl\u00ednica Ra\u00edzes","article_publisher":"https:\/\/www.facebook.com\/clinicaraizes","article_modified_time":"2026-04-23T22:02:42+00:00","og_image":[{"width":400,"height":400,"url":"https:\/\/clinicaraizes.com.br\/loja\/wp-content\/uploads\/2020\/08\/Massagem-Desportiva-Masculina.jpg","type":"image\/jpeg"}],"twitter_card":"summary_large_image","twitter_misc":{"Est. tempo de leitura":"2 minutos"},"schema":{"@context":"https:\/\/schema.org","@graph":[{"@type":"WebPage","@id":"https:\/\/clinicaraizes.com.br\/loja\/shop\/massagem\/desportiva\/massagem-desportiva-vale-presente\/","url":"https:\/\/clinicaraizes.com.br\/loja\/shop\/massagem\/desportiva\/massagem-desportiva-vale-presente\/","name":"Massagem Desportiva | Cl\u00ednica Ra\u00edzes Est\u00e9tica e Spa","isPartOf":{"@id":"https:\/\/clinicaraizes.com.br\/loja\/#website"},"primaryImageOfPage":{"@id":"https:\/\/clinicaraizes.com.br\/loja\/shop\/massagem\/desportiva\/massagem-desportiva-vale-presente\/#primaryimage"},"image":{"@id":"https:\/\/clinicaraizes.com.br\/loja\/shop\/massagem\/desportiva\/massagem-desportiva-vale-presente\/#primaryimage"},"thumbnailUrl":"https:\/\/clinicaraizes.com.br\/loja\/wp-content\/uploads\/2020\/08\/Massagem-Desportiva-Masculina.jpg","datePublished":"2021-10-04T19:35:46+00:00","dateModified":"2026-04-23T22:02:42+00:00","description":"A Massagem Desportiva \u00e9 uma \u00f3tima op\u00e7\u00e3o para preparar e recuperar a musculatura de quem pratica exerc\u00edcio f\u00edsico. Agende (11) 2294-7070","breadcrumb":{"@id":"https:\/\/clinicaraizes.com.br\/loja\/shop\/massagem\/desportiva\/massagem-desportiva-vale-presente\/#breadcrumb"},"inLanguage":"pt-BR","potentialAction":[{"@type":"ReadAction","target":["https:\/\/clinicaraizes.com.br\/loja\/shop\/massagem\/desportiva\/massagem-desportiva-vale-presente\/"]}]},{"@type":"ImageObject","inLanguage":"pt-BR","@id":"https:\/\/clinicaraizes.com.br\/loja\/shop\/massagem\/desportiva\/massagem-desportiva-vale-presente\/#primaryimage","url":"https:\/\/clinicaraizes.com.br\/loja\/wp-content\/uploads\/2020\/08\/Massagem-Desportiva-Masculina.jpg","contentUrl":"https:\/\/clinicaraizes.com.br\/loja\/wp-content\/uploads\/2020\/08\/Massagem-Desportiva-Masculina.jpg","width":400,"height":400,"caption":"Massagem Desportiva Masculina"},{"@type":"BreadcrumbList","@id":"https:\/\/clinicaraizes.com.br\/loja\/shop\/massagem\/desportiva\/massagem-desportiva-vale-presente\/#breadcrumb","itemListElement":[{"@type":"ListItem","position":1,"name":"In\u00edcio","item":"https:\/\/clinicaraizes.com.br\/loja\/"},{"@type":"ListItem","position":2,"name":"Shop","item":"https:\/\/clinicaraizes.com.br\/loja\/shop\/"},{"@type":"ListItem","position":3,"name":"Massagem Desportiva"}]},{"@type":"WebSite","@id":"https:\/\/clinicaraizes.com.br\/loja\/#website","url":"https:\/\/clinicaraizes.com.br\/loja\/","name":"Cl\u00ednica Ra\u00edzes","description":"Dicas &amp; Tutoriais de Beleza e Bem Estar","publisher":{"@id":"https:\/\/clinicaraizes.com.br\/loja\/#organization"},"potentialAction":[{"@type":"SearchAction","target":{"@type":"EntryPoint","urlTemplate":"https:\/\/clinicaraizes.com.br\/loja\/?s={search_term_string}"},"query-input":{"@type":"PropertyValueSpecification","valueRequired":true,"valueName":"search_term_string"}}],"inLanguage":"pt-BR"},{"@type":"Organization","@id":"https:\/\/clinicaraizes.com.br\/loja\/#organization","name":"Cl\u00ednica Ra\u00edzes","url":"https:\/\/clinicaraizes.com.br\/loja\/","logo":{"@type":"ImageObject","inLanguage":"pt-BR","@id":"https:\/\/clinicaraizes.com.br\/loja\/#\/schema\/logo\/image\/","url":"https:\/\/clinicaraizes.com.br\/loja\/wp-content\/uploads\/2019\/03\/logo-raizes.png","contentUrl":"https:\/\/clinicaraizes.com.br\/loja\/wp-content\/uploads\/2019\/03\/logo-raizes.png","width":480,"height":180,"caption":"Cl\u00ednica Ra\u00edzes"},"image":{"@id":"https:\/\/clinicaraizes.com.br\/loja\/#\/schema\/logo\/image\/"},"sameAs":["https:\/\/www.facebook.com\/clinicaraizes","https:\/\/www.instagram.com\/clinicaraizes"]}]}},"jetpack_sharing_enabled":true,"_links":{"self":[{"href":"https:\/\/clinicaraizes.com.br\/loja\/wp-json\/wp\/v2\/product\/1284","targetHints":{"allow":["GET"]}}],"collection":[{"href":"https:\/\/clinicaraizes.com.br\/loja\/wp-json\/wp\/v2\/product"}],"about":[{"href":"https:\/\/clinicaraizes.com.br\/loja\/wp-json\/wp\/v2\/types\/product"}],"replies":[{"embeddable":true,"href":"https:\/\/clinicaraizes.com.br\/loja\/wp-json\/wp\/v2\/comments?post=1284"}],"wp:featuredmedia":[{"embeddable":true,"href":"https:\/\/clinicaraizes.com.br\/loja\/wp-json\/wp\/v2\/media\/933"}],"wp:attachment":[{"href":"https:\/\/clinicaraizes.com.br\/loja\/wp-json\/wp\/v2\/media?parent=1284"}],"wp:term":[{"taxonomy":"product_brand","embeddable":true,"href":"https:\/\/clinicaraizes.com.br\/loja\/wp-json\/wp\/v2\/product_brand?post=1284"},{"taxonomy":"product_cat","embeddable":true,"href":"https:\/\/clinicaraizes.com.br\/loja\/wp-json\/wp\/v2\/product_cat?post=1284"},{"taxonomy":"product_tag","embeddable":true,"href":"https:\/\/clinicaraizes.com.br\/loja\/wp-json\/wp\/v2\/product_tag?post=1284"}],"curies":[{"name":"wp","href":"https:\/\/api.w.org\/{rel}","templated":true}]}}